{"id":1437,"date":"2023-06-06T15:46:02","date_gmt":"2023-06-06T13:46:02","guid":{"rendered":"https:\/\/www.etagnac.fr\/?page_id=1437"},"modified":"2023-09-21T16:49:06","modified_gmt":"2023-09-21T14:49:06","slug":"ostensions","status":"publish","type":"page","link":"https:\/\/www.etagnac.fr\/?page_id=1437","title":{"rendered":"Ostensions"},"content":{"rendered":"\n<p>Gr\u00e2ce aux informations recueillies dans le livre \u00ab\u00a0LES OSTENSIONS SEPTENNALES LIMOUSINES\u00a0\u00bb de Mr Jos\u00e9 DELIAS et Mr Jean-Louis QUERIAUD, les ostensions n&rsquo;ont eu lieu sur notre commune que cinq fois en 1904, 1911, 1918, 1925 et Etagnac a renou\u00e9 avec la tradition en organisant des ostensions en 2016. Cette ann\u00e9e les ostensions auront lieu le dimanche 10 septembre <\/p>\n\n\n\n<hr class=\"wp-block-separator has-alpha-channel-opacity\"\/>\n\n\n\n<figure class=\"wp-block-gallery has-nested-images columns-default is-cropped wp-block-gallery-1 is-layout-flex wp-block-gallery-is-layout-flex\">\n<figure class=\"wp-block-image size-large\"><img loading=\"lazy\" decoding=\"async\" width=\"768\" height=\"1024\" data-id=\"1530\" src=\"https:\/\/www.etagnac.fr\/wp-content\/uploads\/2023\/08\/Couleurs-Ostensions-sur-Eglise_ETAGNAC_15-avril-2023-768x1024.jpg\" alt=\"\" class=\"wp-image-1530\" srcset=\"https:\/\/www.etagnac.fr\/wp-content\/uploads\/2023\/08\/Couleurs-Ostensions-sur-Eglise_ETAGNAC_15-avril-2023-768x1024.jpg 768w, https:\/\/www.etagnac.fr\/wp-content\/uploads\/2023\/08\/Couleurs-Ostensions-sur-Eglise_ETAGNAC_15-avril-2023-225x300.jpg 225w, https:\/\/www.etagnac.fr\/wp-content\/uploads\/2023\/08\/Couleurs-Ostensions-sur-Eglise_ETAGNAC_15-avril-2023-1152x1536.jpg 1152w, https:\/\/www.etagnac.fr\/wp-content\/uploads\/2023\/08\/Couleurs-Ostensions-sur-Eglise_ETAGNAC_15-avril-2023.jpg 1512w\" sizes=\"auto, (max-width: 768px) 100vw, 768px\" \/><\/figure>\n\n\n\n<figure class=\"wp-block-image size-large\"><img loading=\"lazy\" decoding=\"async\" width=\"768\" height=\"1024\" data-id=\"1531\" src=\"https:\/\/www.etagnac.fr\/wp-content\/uploads\/2023\/08\/CHASSE-de-Saint-AUSTRICLINIEN_ETAGNAC_Mai-2023-768x1024.jpg\" alt=\"\" class=\"wp-image-1531\" srcset=\"https:\/\/www.etagnac.fr\/wp-content\/uploads\/2023\/08\/CHASSE-de-Saint-AUSTRICLINIEN_ETAGNAC_Mai-2023-768x1024.jpg 768w, https:\/\/www.etagnac.fr\/wp-content\/uploads\/2023\/08\/CHASSE-de-Saint-AUSTRICLINIEN_ETAGNAC_Mai-2023-225x300.jpg 225w, https:\/\/www.etagnac.fr\/wp-content\/uploads\/2023\/08\/CHASSE-de-Saint-AUSTRICLINIEN_ETAGNAC_Mai-2023-1152x1536.jpg 1152w, https:\/\/www.etagnac.fr\/wp-content\/uploads\/2023\/08\/CHASSE-de-Saint-AUSTRICLINIEN_ETAGNAC_Mai-2023-rotated.jpg 1512w\" sizes=\"auto, (max-width: 768px) 100vw, 768px\" \/><\/figure>\n\n\n\n<figure class=\"wp-block-image size-large\"><img loading=\"lazy\" decoding=\"async\" width=\"768\" height=\"1024\" data-id=\"1532\" src=\"https:\/\/www.etagnac.fr\/wp-content\/uploads\/2023\/08\/RELIQUAIRE-de-Saint-PARDOUX-ETAGNAC_15-avril-2023-768x1024.jpg\" alt=\"\" class=\"wp-image-1532\" srcset=\"https:\/\/www.etagnac.fr\/wp-content\/uploads\/2023\/08\/RELIQUAIRE-de-Saint-PARDOUX-ETAGNAC_15-avril-2023-768x1024.jpg 768w, https:\/\/www.etagnac.fr\/wp-content\/uploads\/2023\/08\/RELIQUAIRE-de-Saint-PARDOUX-ETAGNAC_15-avril-2023-225x300.jpg 225w, https:\/\/www.etagnac.fr\/wp-content\/uploads\/2023\/08\/RELIQUAIRE-de-Saint-PARDOUX-ETAGNAC_15-avril-2023-1152x1536.jpg 1152w, https:\/\/www.etagnac.fr\/wp-content\/uploads\/2023\/08\/RELIQUAIRE-de-Saint-PARDOUX-ETAGNAC_15-avril-2023-rotated.jpg 1512w\" sizes=\"auto, (max-width: 768px) 100vw, 768px\" \/><\/figure>\n\n\n\n<figure class=\"wp-block-image size-large\"><img loading=\"lazy\" decoding=\"async\" width=\"768\" height=\"1024\" data-id=\"1533\" src=\"https:\/\/www.etagnac.fr\/wp-content\/uploads\/2023\/08\/Affiche-Ostensions-ETAGNAC-2023-768x1024.jpg\" alt=\"\" class=\"wp-image-1533\" srcset=\"https:\/\/www.etagnac.fr\/wp-content\/uploads\/2023\/08\/Affiche-Ostensions-ETAGNAC-2023-768x1024.jpg 768w, https:\/\/www.etagnac.fr\/wp-content\/uploads\/2023\/08\/Affiche-Ostensions-ETAGNAC-2023-225x300.jpg 225w, https:\/\/www.etagnac.fr\/wp-content\/uploads\/2023\/08\/Affiche-Ostensions-ETAGNAC-2023-1152x1536.jpg 1152w, https:\/\/www.etagnac.fr\/wp-content\/uploads\/2023\/08\/Affiche-Ostensions-ETAGNAC-2023-rotated.jpg 1512w\" sizes=\"auto, (max-width: 768px) 100vw, 768px\" \/><\/figure>\n<\/figure>\n\n\n\n<hr class=\"wp-block-separator has-alpha-channel-opacity\"\/>\n\n\n\n<div data-wp-interactive=\"core\/file\" class=\"wp-block-file\"><object data-wp-bind--hidden=\"!state.hasPdfPreview\" hidden class=\"wp-block-file__embed\" data=\"https:\/\/www.etagnac.fr\/wp-content\/uploads\/2023\/06\/OSTENSIONS-ETAGNAC-2023_10-septembre_Site-Mairie.pdf\" type=\"application\/pdf\" style=\"width:100%;height:600px\" aria-label=\"Contenu embarqu\u00e9 OSTENSIONS-ETAGNAC-2023_10-septembre_Site-Mairie.\"><\/object><a id=\"wp-block-file--media-6c369aa1-f304-4f86-b14e-b2a3954e04df\" href=\"https:\/\/www.etagnac.fr\/wp-content\/uploads\/2023\/06\/OSTENSIONS-ETAGNAC-2023_10-septembre_Site-Mairie.pdf\">OSTENSIONS-ETAGNAC-2023_10-septembre_Site-Mairie<\/a><a href=\"https:\/\/www.etagnac.fr\/wp-content\/uploads\/2023\/06\/OSTENSIONS-ETAGNAC-2023_10-septembre_Site-Mairie.pdf\" class=\"wp-block-file__button wp-element-button\" download aria-describedby=\"wp-block-file--media-6c369aa1-f304-4f86-b14e-b2a3954e04df\">T\u00e9l\u00e9charger<\/a><\/div>\n\n\n\n<hr class=\"wp-block-separator has-alpha-channel-opacity\"\/>\n\n\n\n<div data-wp-interactive=\"core\/file\" class=\"wp-block-file\"><object data-wp-bind--hidden=\"!state.hasPdfPreview\" hidden class=\"wp-block-file__embed\" data=\"https:\/\/www.etagnac.fr\/wp-content\/uploads\/2023\/06\/INVITATION-CONFERENCE-OSTENSIONS-a-ETAGNAC-Salles-des-fetes_17-juin-2023.pdf\" type=\"application\/pdf\" style=\"width:100%;height:600px\" aria-label=\"Contenu embarqu\u00e9 INVITATION-CONFERENCE-OSTENSIONS-a-ETAGNAC-Salles-des-fetes_17-juin-2023.\"><\/object><a id=\"wp-block-file--media-1099e103-a2d5-465d-9e8b-c3273efc2e3a\" href=\"https:\/\/www.etagnac.fr\/wp-content\/uploads\/2023\/06\/INVITATION-CONFERENCE-OSTENSIONS-a-ETAGNAC-Salles-des-fetes_17-juin-2023.pdf\">INVITATION-CONFERENCE-OSTENSIONS-a-ETAGNAC-Salles-des-fetes_17-juin-2023<\/a><a href=\"https:\/\/www.etagnac.fr\/wp-content\/uploads\/2023\/06\/INVITATION-CONFERENCE-OSTENSIONS-a-ETAGNAC-Salles-des-fetes_17-juin-2023.pdf\" class=\"wp-block-file__button wp-element-button\" download aria-describedby=\"wp-block-file--media-1099e103-a2d5-465d-9e8b-c3273efc2e3a\">T\u00e9l\u00e9charger<\/a><\/div>\n\n\n\n<hr class=\"wp-block-separator has-alpha-channel-opacity\"\/>\n\n\n\n<div data-wp-interactive=\"core\/file\" class=\"wp-block-file\"><object data-wp-bind--hidden=\"!state.hasPdfPreview\" hidden class=\"wp-block-file__embed\" data=\"https:\/\/www.etagnac.fr\/wp-content\/uploads\/2023\/06\/INVITATION-OSTENSIONS-ETAGNAC_Confreries-Comites_24-mai-2023-.pdf\" type=\"application\/pdf\" style=\"width:100%;height:600px\" aria-label=\"Contenu embarqu\u00e9 INVITATION-OSTENSIONS-ETAGNAC_Confreries-Comites_24-mai-2023-.\"><\/object><a id=\"wp-block-file--media-ddeb4938-67c0-49aa-b5e5-9ff8917d83bf\" href=\"https:\/\/www.etagnac.fr\/wp-content\/uploads\/2023\/06\/INVITATION-OSTENSIONS-ETAGNAC_Confreries-Comites_24-mai-2023-.pdf\">INVITATION-OSTENSIONS-ETAGNAC_Confreries-Comites_24-mai-2023-<\/a><a href=\"https:\/\/www.etagnac.fr\/wp-content\/uploads\/2023\/06\/INVITATION-OSTENSIONS-ETAGNAC_Confreries-Comites_24-mai-2023-.pdf\" class=\"wp-block-file__button wp-element-button\" download aria-describedby=\"wp-block-file--media-ddeb4938-67c0-49aa-b5e5-9ff8917d83bf\">T\u00e9l\u00e9charger<\/a><\/div>\n\n\n\n<hr class=\"wp-block-separator has-alpha-channel-opacity\"\/>\n\n\n\n<p>OSTENSIONS LIMOUSINES SEPTENNALES 2023 &#8211; PATRIMOINE CULTUREL IMMAT\u00c9RIEL DE L&rsquo;UNESCO &#8211;<\/p>\n\n\n\n<p>Les membres du Comit\u00e9 des Ostensions Limousines d&rsquo;\u00c9tagnac veulent remercier tous les sponsors qui ont souhait\u00e9 soutenir cet \u00e9v\u00e9nement septennal patrimonial et festif organis\u00e9 dans la commune le 10 septembre 2023.<\/p>\n\n\n\n<p>Un GRAND MERCI \u00e0 tous les sponsors, les commerces, les entreprises, les institutions et les familles qui ont particip\u00e9 \u00e0 la lev\u00e9e de fonds qui a ainsi pu atteindre son objectif.<\/p>\n\n\n\n<p>MERCI BEAUCOUP !<\/p>\n\n\n\n<hr class=\"wp-block-separator has-alpha-channel-opacity\"\/>\n\n\n\n<div data-wp-interactive=\"core\/file\" class=\"wp-block-file\"><object data-wp-bind--hidden=\"!state.hasPdfPreview\" hidden class=\"wp-block-file__embed\" data=\"https:\/\/www.etagnac.fr\/wp-content\/uploads\/2023\/09\/nouveau-SPONSORS-Ostensions-Etagnac-2023.pdf\" type=\"application\/pdf\" style=\"width:100%;height:600px\" aria-label=\"Contenu embarqu\u00e9 nouveau-SPONSORS-Ostensions-Etagnac-2023.\"><\/object><a id=\"wp-block-file--media-73689772-07b2-41fc-b865-2dc8ca7db343\" href=\"https:\/\/www.etagnac.fr\/wp-content\/uploads\/2023\/09\/nouveau-SPONSORS-Ostensions-Etagnac-2023.pdf\">nouveau-SPONSORS-Ostensions-Etagnac-2023<\/a><a href=\"https:\/\/www.etagnac.fr\/wp-content\/uploads\/2023\/09\/nouveau-SPONSORS-Ostensions-Etagnac-2023.pdf\" class=\"wp-block-file__button wp-element-button\" download aria-describedby=\"wp-block-file--media-73689772-07b2-41fc-b865-2dc8ca7db343\">T\u00e9l\u00e9charger<\/a><\/div>\n\n\n\n<hr class=\"wp-block-separator has-alpha-channel-opacity\"\/>\n\n\n\n<p><a href=\"https:\/\/www.facebook.com\/groups\/ostensionslimousines2016\/permalink\/2296544270535322\">https:\/\/www.facebook.com\/groups\/ostensionslimousines2016\/permalink\/2296544270535322<\/a><\/p>\n\n\n\n<hr class=\"wp-block-separator has-alpha-channel-opacity\"\/>\n","protected":false},"excerpt":{"rendered":"<p>Gr\u00e2ce aux informations recueillies dans le livre \u00ab\u00a0LES OSTENSIONS SEPTENNALES LIMOUSINES\u00a0\u00bb de Mr Jos\u00e9 DELIAS et Mr Jean-Louis QUERIAUD, les ostensions n&rsquo;ont eu lieu sur notre commune que cinq fois [&hellip;]<\/p>\n","protected":false},"author":1,"featured_media":0,"parent":0,"menu_order":0,"comment_status":"closed","ping_status":"closed","template":"","meta":{"footnotes":""},"class_list":["post-1437","page","type-page","status-publish","hentry"],"_links":{"self":[{"href":"https:\/\/www.etagnac.fr\/index.php?rest_route=\/wp\/v2\/pages\/1437","targetHints":{"allow":["GET"]}}],"collection":[{"href":"https:\/\/www.etagnac.fr\/index.php?rest_route=\/wp\/v2\/pages"}],"about":[{"href":"https:\/\/www.etagnac.fr\/index.php?rest_route=\/wp\/v2\/types\/page"}],"author":[{"embeddable":true,"href":"https:\/\/www.etagnac.fr\/index.php?rest_route=\/wp\/v2\/users\/1"}],"replies":[{"embeddable":true,"href":"https:\/\/www.etagnac.fr\/index.php?rest_route=%2Fwp%2Fv2%2Fcomments&post=1437"}],"version-history":[{"count":8,"href":"https:\/\/www.etagnac.fr\/index.php?rest_route=\/wp\/v2\/pages\/1437\/revisions"}],"predecessor-version":[{"id":1560,"href":"https:\/\/www.etagnac.fr\/index.php?rest_route=\/wp\/v2\/pages\/1437\/revisions\/1560"}],"wp:attachment":[{"href":"https:\/\/www.etagnac.fr\/index.php?rest_route=%2Fwp%2Fv2%2Fmedia&parent=1437"}],"curies":[{"name":"wp","href":"https:\/\/api.w.org\/{rel}","templated":true}]}}

<p>Grâce aux informations recueillies dans le livre « LES OSTENSIONS SEPTENNALES LIMOUSINES » de Mr José DELIAS et Mr Jean-Louis QUERIAUD, les ostensions n&rsquo;ont eu lieu sur notre commune que cinq fois en 1904, 1911, 1918, 1925 et Etagnac a renoué avec la tradition en organisant des ostensions en 2016. Cette année les ostensions auront lieu le dimanche 10 septembre </p>



<hr class="wp-block-separator has-alpha-channel-opacity"/>



<figure class="wp-block-gallery has-nested-images columns-default is-cropped wp-block-gallery-1 is-layout-flex wp-block-gallery-is-layout-flex">
<figure class="wp-block-image size-large"><img loading="lazy" decoding="async" width="768" height="1024" data-id="1530" src="https://www.etagnac.fr/wp-content/uploads/2023/08/Couleurs-Ostensions-sur-Eglise_ETAGNAC_15-avril-2023-768x1024.jpg" alt="" class="wp-image-1530" srcset="https://www.etagnac.fr/wp-content/uploads/2023/08/Couleurs-Ostensions-sur-Eglise_ETAGNAC_15-avril-2023-768x1024.jpg 768w, https://www.etagnac.fr/wp-content/uploads/2023/08/Couleurs-Ostensions-sur-Eglise_ETAGNAC_15-avril-2023-225x300.jpg 225w, https://www.etagnac.fr/wp-content/uploads/2023/08/Couleurs-Ostensions-sur-Eglise_ETAGNAC_15-avril-2023-1152x1536.jpg 1152w, https://www.etagnac.fr/wp-content/uploads/2023/08/Couleurs-Ostensions-sur-Eglise_ETAGNAC_15-avril-2023.jpg 1512w" sizes="auto, (max-width: 768px) 100vw, 768px" /></figure>



<figure class="wp-block-image size-large"><img loading="lazy" decoding="async" width="768" height="1024" data-id="1531" src="https://www.etagnac.fr/wp-content/uploads/2023/08/CHASSE-de-Saint-AUSTRICLINIEN_ETAGNAC_Mai-2023-768x1024.jpg" alt="" class="wp-image-1531" srcset="https://www.etagnac.fr/wp-content/uploads/2023/08/CHASSE-de-Saint-AUSTRICLINIEN_ETAGNAC_Mai-2023-768x1024.jpg 768w, https://www.etagnac.fr/wp-content/uploads/2023/08/CHASSE-de-Saint-AUSTRICLINIEN_ETAGNAC_Mai-2023-225x300.jpg 225w, https://www.etagnac.fr/wp-content/uploads/2023/08/CHASSE-de-Saint-AUSTRICLINIEN_ETAGNAC_Mai-2023-1152x1536.jpg 1152w, https://www.etagnac.fr/wp-content/uploads/2023/08/CHASSE-de-Saint-AUSTRICLINIEN_ETAGNAC_Mai-2023-rotated.jpg 1512w" sizes="auto, (max-width: 768px) 100vw, 768px" /></figure>



<figure class="wp-block-image size-large"><img loading="lazy" decoding="async" width="768" height="1024" data-id="1532" src="https://www.etagnac.fr/wp-content/uploads/2023/08/RELIQUAIRE-de-Saint-PARDOUX-ETAGNAC_15-avril-2023-768x1024.jpg" alt="" class="wp-image-1532" srcset="https://www.etagnac.fr/wp-content/uploads/2023/08/RELIQUAIRE-de-Saint-PARDOUX-ETAGNAC_15-avril-2023-768x1024.jpg 768w, https://www.etagnac.fr/wp-content/uploads/2023/08/RELIQUAIRE-de-Saint-PARDOUX-ETAGNAC_15-avril-2023-225x300.jpg 225w, https://www.etagnac.fr/wp-content/uploads/2023/08/RELIQUAIRE-de-Saint-PARDOUX-ETAGNAC_15-avril-2023-1152x1536.jpg 1152w, https://www.etagnac.fr/wp-content/uploads/2023/08/RELIQUAIRE-de-Saint-PARDOUX-ETAGNAC_15-avril-2023-rotated.jpg 1512w" sizes="auto, (max-width: 768px) 100vw, 768px" /></figure>



<figure class="wp-block-image size-large"><img loading="lazy" decoding="async" width="768" height="1024" data-id="1533" src="https://www.etagnac.fr/wp-content/uploads/2023/08/Affiche-Ostensions-ETAGNAC-2023-768x1024.jpg" alt="" class="wp-image-1533" srcset="https://www.etagnac.fr/wp-content/uploads/2023/08/Affiche-Ostensions-ETAGNAC-2023-768x1024.jpg 768w, https://www.etagnac.fr/wp-content/uploads/2023/08/Affiche-Ostensions-ETAGNAC-2023-225x300.jpg 225w, https://www.etagnac.fr/wp-content/uploads/2023/08/Affiche-Ostensions-ETAGNAC-2023-1152x1536.jpg 1152w, https://www.etagnac.fr/wp-content/uploads/2023/08/Affiche-Ostensions-ETAGNAC-2023-rotated.jpg 1512w" sizes="auto, (max-width: 768px) 100vw, 768px" /></figure>
</figure>



<hr class="wp-block-separator has-alpha-channel-opacity"/>



<div data-wp-interactive="core/file" class="wp-block-file"><object data-wp-bind--hidden="!state.hasPdfPreview" hidden class="wp-block-file__embed" data="https://www.etagnac.fr/wp-content/uploads/2023/06/OSTENSIONS-ETAGNAC-2023_10-septembre_Site-Mairie.pdf" type="application/pdf" style="width:100%;height:600px" aria-label="Contenu embarqué OSTENSIONS-ETAGNAC-2023_10-septembre_Site-Mairie."></object><a id="wp-block-file--media-6c369aa1-f304-4f86-b14e-b2a3954e04df" href="https://www.etagnac.fr/wp-content/uploads/2023/06/OSTENSIONS-ETAGNAC-2023_10-septembre_Site-Mairie.pdf">OSTENSIONS-ETAGNAC-2023_10-septembre_Site-Mairie</a><a href="https://www.etagnac.fr/wp-content/uploads/2023/06/OSTENSIONS-ETAGNAC-2023_10-septembre_Site-Mairie.pdf" class="wp-block-file__button wp-element-button" download aria-describedby="wp-block-file--media-6c369aa1-f304-4f86-b14e-b2a3954e04df">Télécharger</a></div>



<hr class="wp-block-separator has-alpha-channel-opacity"/>



<div data-wp-interactive="core/file" class="wp-block-file"><object data-wp-bind--hidden="!state.hasPdfPreview" hidden class="wp-block-file__embed" data="https://www.etagnac.fr/wp-content/uploads/2023/06/INVITATION-CONFERENCE-OSTENSIONS-a-ETAGNAC-Salles-des-fetes_17-juin-2023.pdf" type="application/pdf" style="width:100%;height:600px" aria-label="Contenu embarqué INVITATION-CONFERENCE-OSTENSIONS-a-ETAGNAC-Salles-des-fetes_17-juin-2023."></object><a id="wp-block-file--media-1099e103-a2d5-465d-9e8b-c3273efc2e3a" href="https://www.etagnac.fr/wp-content/uploads/2023/06/INVITATION-CONFERENCE-OSTENSIONS-a-ETAGNAC-Salles-des-fetes_17-juin-2023.pdf">INVITATION-CONFERENCE-OSTENSIONS-a-ETAGNAC-Salles-des-fetes_17-juin-2023</a><a href="https://www.etagnac.fr/wp-content/uploads/2023/06/INVITATION-CONFERENCE-OSTENSIONS-a-ETAGNAC-Salles-des-fetes_17-juin-2023.pdf" class="wp-block-file__button wp-element-button" download aria-describedby="wp-block-file--media-1099e103-a2d5-465d-9e8b-c3273efc2e3a">Télécharger</a></div>



<hr class="wp-block-separator has-alpha-channel-opacity"/>



<div data-wp-interactive="core/file" class="wp-block-file"><object data-wp-bind--hidden="!state.hasPdfPreview" hidden class="wp-block-file__embed" data="https://www.etagnac.fr/wp-content/uploads/2023/06/INVITATION-OSTENSIONS-ETAGNAC_Confreries-Comites_24-mai-2023-.pdf" type="application/pdf" style="width:100%;height:600px" aria-label="Contenu embarqué INVITATION-OSTENSIONS-ETAGNAC_Confreries-Comites_24-mai-2023-."></object><a id="wp-block-file--media-ddeb4938-67c0-49aa-b5e5-9ff8917d83bf" href="https://www.etagnac.fr/wp-content/uploads/2023/06/INVITATION-OSTENSIONS-ETAGNAC_Confreries-Comites_24-mai-2023-.pdf">INVITATION-OSTENSIONS-ETAGNAC_Confreries-Comites_24-mai-2023-</a><a href="https://www.etagnac.fr/wp-content/uploads/2023/06/INVITATION-OSTENSIONS-ETAGNAC_Confreries-Comites_24-mai-2023-.pdf" class="wp-block-file__button wp-element-button" download aria-describedby="wp-block-file--media-ddeb4938-67c0-49aa-b5e5-9ff8917d83bf">Télécharger</a></div>



<hr class="wp-block-separator has-alpha-channel-opacity"/>



<p>OSTENSIONS LIMOUSINES SEPTENNALES 2023 &#8211; PATRIMOINE CULTUREL IMMATÉRIEL DE L&rsquo;UNESCO &#8211;</p>



<p>Les membres du Comité des Ostensions Limousines d&rsquo;Étagnac veulent remercier tous les sponsors qui ont souhaité soutenir cet événement septennal patrimonial et festif organisé dans la commune le 10 septembre 2023.</p>



<p>Un GRAND MERCI à tous les sponsors, les commerces, les entreprises, les institutions et les familles qui ont participé à la levée de fonds qui a ainsi pu atteindre son objectif.</p>



<p>MERCI BEAUCOUP !</p>



<hr class="wp-block-separator has-alpha-channel-opacity"/>



<div data-wp-interactive="core/file" class="wp-block-file"><object data-wp-bind--hidden="!state.hasPdfPreview" hidden class="wp-block-file__embed" data="https://www.etagnac.fr/wp-content/uploads/2023/09/nouveau-SPONSORS-Ostensions-Etagnac-2023.pdf" type="application/pdf" style="width:100%;height:600px" aria-label="Contenu embarqué nouveau-SPONSORS-Ostensions-Etagnac-2023."></object><a id="wp-block-file--media-73689772-07b2-41fc-b865-2dc8ca7db343" href="https://www.etagnac.fr/wp-content/uploads/2023/09/nouveau-SPONSORS-Ostensions-Etagnac-2023.pdf">nouveau-SPONSORS-Ostensions-Etagnac-2023</a><a href="https://www.etagnac.fr/wp-content/uploads/2023/09/nouveau-SPONSORS-Ostensions-Etagnac-2023.pdf" class="wp-block-file__button wp-element-button" download aria-describedby="wp-block-file--media-73689772-07b2-41fc-b865-2dc8ca7db343">Télécharger</a></div>



<hr class="wp-block-separator has-alpha-channel-opacity"/>



<p><a href="https://www.facebook.com/groups/ostensionslimousines2016/permalink/2296544270535322">https://www.facebook.com/groups/ostensionslimousines2016/permalink/2296544270535322</a></p>



<hr class="wp-block-separator has-alpha-channel-opacity"/>

<p>Grâce aux informations recueillies dans le livre « LES OSTENSIONS SEPTENNALES LIMOUSINES » de Mr José DELIAS et Mr Jean-Louis QUERIAUD, les ostensions n&rsquo;ont eu lieu sur notre commune que cinq fois [&hellip;]</p>
