{"id":24,"date":"2021-08-10T14:54:00","date_gmt":"2021-08-10T14:54:00","guid":{"rendered":"http:\/\/dev.etagnac.fr\/?page_id=24"},"modified":"2024-03-07T15:45:35","modified_gmt":"2024-03-07T14:45:35","slug":"les-seniors","status":"publish","type":"page","link":"https:\/\/www.etagnac.fr\/?page_id=24","title":{"rendered":"Les s\u00e9niors"},"content":{"rendered":"\n<p class=\"has-luminous-vivid-orange-color has-text-color has-medium-font-size\"><strong>EHPAD<\/strong><br>10 grand rue <br>16150 ETAGNAC<\/p>\n\n\n\n<p><strong>Directrice :<\/strong>&nbsp; Mme Sabine Poingt&nbsp;<br><strong>T\u00e9l :<\/strong> 05.45.89.21.17&nbsp;<br><strong>Fax&nbsp; :<\/strong> 05.45.89.39.64&nbsp;<br><strong>Email&nbsp; :<\/strong>&nbsp; contact@maison-sainte-marie.com<\/p>\n\n\n\n<p>G\u00e9r\u00e9 par le groupe SOS, il dispose de 77 lits dont 75 en chambres individuelles d\u2019environ 26 m\u00b2 chacune. Elles sont toutes \u00e9quip\u00e9es d\u2019un signal d\u2019appel.Famille et amis peuvent se joindre aux r\u00e9sidents lors des repas, pr\u00e9par\u00e9s avec l\u2019aide d\u2019une di\u00e9t\u00e9ticienne. Le cadre est agr\u00e9able et soign\u00e9.<\/p>\n\n\n\n<hr class=\"wp-block-separator has-alpha-channel-opacity\"\/>\n\n\n\n<p class=\"has-luminous-vivid-orange-color has-text-color has-medium-font-size\"><strong>La r\u00e9sidence Sainte Marie<\/strong><br>12 grand rue <br>16150 ETAGNAC<\/p>\n\n\n\n<p>&nbsp;La r\u00e9sidence, propri\u00e9t\u00e9 de la commune, est g\u00e9r\u00e9e par Les Jardins d\u2019Arcadie. Elle est compos\u00e9e de 23 appartements confortables du studio au T2, \u00e9quip\u00e9s de salle d\u2019eau, kitchenette, placards am\u00e9nag\u00e9s, commande centralis\u00e9e pour la r\u00e9gulation du chauffage\u2026&nbsp;<\/p>\n\n\n\n<p><br>La restauration peut \u00eatre assur\u00e9e \u00e0 la demande par l\u2019Ehpad (livraison de plateaux repas).&nbsp;<br>L\u2019accueil est de qualit\u00e9 et le cadre pr\u00e9serv\u00e9 proche des commerces.&nbsp;<\/p>\n\n\n\n<p><strong>Direction <\/strong>&nbsp; Mr BODIN Bruno<br><strong>T\u00e9l&nbsp;<\/strong> 07.72.12.01.66 ou 0 800 800 855<br><strong>Email <\/strong>bbodin@jardins-arcadie.fr<\/p>\n\n\n\n<figure class=\"wp-block-embed is-type-video is-provider-youtube wp-block-embed-youtube wp-embed-aspect-16-9 wp-has-aspect-ratio\"><div class=\"wp-block-embed__wrapper\">\n<iframe loading=\"lazy\" title=\"EHPAD SOS Seniors Sainte Marie d&#039;Etagnac\" width=\"1170\" height=\"658\" src=\"https:\/\/www.youtube.com\/embed\/boSE8oGK_p8?feature=oembed\" frameborder=\"0\" allow=\"accelerometer; autoplay; clipboard-write; encrypted-media; gyroscope; picture-in-picture; web-share\" referrerpolicy=\"strict-origin-when-cross-origin\" allowfullscreen><\/iframe>\n<\/div><\/figure>\n\n\n\n<figure class=\"wp-block-embed is-type-wp-embed is-provider-ehpad-fr wp-block-embed-ehpad-fr\"><div class=\"wp-block-embed__wrapper\">\n<blockquote class=\"wp-embedded-content\" data-secret=\"md3X1EP102\"><a href=\"https:\/\/www.ehpad.fr\/residence-ehpad\/ehpad-residence-sainte-marie\/\">GROUPE SOS &#8211; MAISON SAINTE-MARIE<\/a><\/blockquote><iframe loading=\"lazy\" class=\"wp-embedded-content\" sandbox=\"allow-scripts\" security=\"restricted\" style=\"position: absolute; visibility: hidden;\" title=\"\u00ab\u00a0GROUPE SOS &#8211; MAISON SAINTE-MARIE\u00a0\u00bb &#8212; ehpad.fr\" src=\"https:\/\/www.ehpad.fr\/residence-ehpad\/ehpad-residence-sainte-marie\/embed\/#?secret=ZrHWLa1gl8#?secret=md3X1EP102\" data-secret=\"md3X1EP102\" width=\"600\" height=\"338\" frameborder=\"0\" marginwidth=\"0\" marginheight=\"0\" scrolling=\"no\"><\/iframe>\n<\/div><figcaption class=\"wp-element-caption\"><a href=\"https:\/\/www.ehpad.fr\/residence-ehpad\/ehpad-residence-sainte-marie\/\" target=\"_blank\" rel=\"noreferrer noopener\">https:\/\/www.ehpad.fr\/residence-ehpad\/ehpad-residence-sainte-marie\/<\/a><\/figcaption><\/figure>\n\n\n\n<div class=\"wp-block-group alignfull has-background\" style=\"background-color:#f2f0e9\"><div class=\"wp-block-group__inner-container is-layout-flow wp-block-group-is-layout-flow\">\n<div style=\"height:70px\" aria-hidden=\"true\" class=\"wp-block-spacer\"><\/div>\n\n\n\n<div class=\"wp-block-columns alignwide is-layout-flex wp-container-core-columns-is-layout-9d6595d7 wp-block-columns-is-layout-flex\">\n<div class=\"wp-block-column is-layout-flow wp-block-column-is-layout-flow\">\n<p class=\"has-text-align-center\">Le d\u00e9partement de la Charente offre un nouveau service de proximit\u00e9 aux personnes \u00e2g\u00e9es <br>par le biais de permanences d\u2019accueil locales. Toutes les questions que vous vous posez <br>sur la d\u00e9pendance, la pr\u00e9vention, les aides (APA\u2026),<br>les soutiens aux aidants\u2026<\/p>\n\n\n\n<p class=\"has-text-align-center\">Un num\u00e9ro de t\u00e9l\u00e9phone : <strong>05 16 09 51 05,<\/strong><br>pour tout renseignement et prise de rendez-vous.<\/p>\n\n\n\n<p class=\"has-text-align-center\"><strong>Plateforme territoriale d\u2019appui de la Charente<\/strong><br>Antenne Centre Charente<br>20, impasse de la Valenceaude<br>16 160 Gond-Pontouvre<\/p>\n\n\n\n<p class=\"has-text-align-center\">\u2014 <strong>T\u00e9l\u00e9phone : 0809 109 109<\/strong><br><br><a href=\"http:\/\/www.pta16.fr\" target=\"_blank\" rel=\"noreferrer noopener\">www.pta16.fr<\/a><\/p>\n\n\n\n<p><\/p>\n\n\n\n<p class=\"has-text-align-center has-luminous-vivid-orange-color has-text-color\"><strong>Missions<\/strong><\/p>\n\n\n\n<p class=\"has-text-align-center\">Informations et orientation (exemples : coordonn\u00e9es de portage de repas, <br>aides m\u00e9nag\u00e8res, appui direct dans les dossiers d\u2019aides et de droits\u2026).<\/p>\n\n\n\n<p class=\"has-text-align-center\">Situation reconnue complexe : polypathologie, refus de soin, isolement, <br>\u00e9puisement des aidants, \u00e9puisement des intervenants, rupture dans le parcours de soin\u2026<\/p>\n<\/div>\n<\/div>\n\n\n\n<div style=\"height:40px\" aria-hidden=\"true\" class=\"wp-block-spacer\"><\/div>\n<\/div><\/div>\n\n\n\n<hr class=\"wp-block-separator has-alpha-channel-opacity\"\/>\n\n\n\n<figure class=\"wp-block-gallery has-nested-images columns-default is-cropped wp-block-gallery-1 is-layout-flex wp-block-gallery-is-layout-flex\">\n<figure class=\"wp-block-image size-large\"><img loading=\"lazy\" decoding=\"async\" width=\"586\" height=\"698\" data-id=\"1766\" src=\"https:\/\/www.etagnac.fr\/wp-content\/uploads\/2024\/03\/presence-verte-2.png\" alt=\"\" class=\"wp-image-1766\" srcset=\"https:\/\/www.etagnac.fr\/wp-content\/uploads\/2024\/03\/presence-verte-2.png 586w, https:\/\/www.etagnac.fr\/wp-content\/uploads\/2024\/03\/presence-verte-2-252x300.png 252w\" sizes=\"auto, (max-width: 586px) 100vw, 586px\" \/><\/figure>\n<\/figure>\n\n\n\n<p><a href=\"https:\/\/presence-verte-charente.fr\/\">https:\/\/presence-verte-charente.fr\/<\/a><\/p>\n\n\n\n<hr class=\"wp-block-separator has-alpha-channel-opacity\"\/>\n","protected":false},"excerpt":{"rendered":"<p>EHPAD10 grand rue 16150 ETAGNAC Directrice :&nbsp; Mme Sabine Poingt&nbsp;T\u00e9l : 05.45.89.21.17&nbsp;Fax&nbsp; : 05.45.89.39.64&nbsp;Email&nbsp; :&nbsp; contact@maison-sainte-marie.com G\u00e9r\u00e9 par le groupe SOS, il dispose de 77 lits dont 75 en chambres [&hellip;]<\/p>\n","protected":false},"author":1,"featured_media":0,"parent":0,"menu_order":0,"comment_status":"closed","ping_status":"closed","template":"","meta":{"footnotes":""},"class_list":["post-24","page","type-page","status-publish","hentry"],"_links":{"self":[{"href":"https:\/\/www.etagnac.fr\/index.php?rest_route=\/wp\/v2\/pages\/24","targetHints":{"allow":["GET"]}}],"collection":[{"href":"https:\/\/www.etagnac.fr\/index.php?rest_route=\/wp\/v2\/pages"}],"about":[{"href":"https:\/\/www.etagnac.fr\/index.php?rest_route=\/wp\/v2\/types\/page"}],"author":[{"embeddable":true,"href":"https:\/\/www.etagnac.fr\/index.php?rest_route=\/wp\/v2\/users\/1"}],"replies":[{"embeddable":true,"href":"https:\/\/www.etagnac.fr\/index.php?rest_route=%2Fwp%2Fv2%2Fcomments&post=24"}],"version-history":[{"count":11,"href":"https:\/\/www.etagnac.fr\/index.php?rest_route=\/wp\/v2\/pages\/24\/revisions"}],"predecessor-version":[{"id":1767,"href":"https:\/\/www.etagnac.fr\/index.php?rest_route=\/wp\/v2\/pages\/24\/revisions\/1767"}],"wp:attachment":[{"href":"https:\/\/www.etagnac.fr\/index.php?rest_route=%2Fwp%2Fv2%2Fmedia&parent=24"}],"curies":[{"name":"wp","href":"https:\/\/api.w.org\/{rel}","templated":true}]}}

Les séniors

<p class="has-luminous-vivid-orange-color has-text-color has-medium-font-size"><strong>EHPAD</strong><br>10 grand rue <br>16150 ETAGNAC</p>



<p><strong>Directrice :</strong>&nbsp; Mme Sabine Poingt&nbsp;<br><strong>Tél :</strong> 05.45.89.21.17&nbsp;<br><strong>Fax&nbsp; :</strong> 05.45.89.39.64&nbsp;<br><strong>Email&nbsp; :</strong>&nbsp; contact@maison-sainte-marie.com</p>



<p>Géré par le groupe SOS, il dispose de 77 lits dont 75 en chambres individuelles d’environ 26 m² chacune. Elles sont toutes équipées d’un signal d’appel.Famille et amis peuvent se joindre aux résidents lors des repas, préparés avec l’aide d’une diététicienne. Le cadre est agréable et soigné.</p>



<hr class="wp-block-separator has-alpha-channel-opacity"/>



<p class="has-luminous-vivid-orange-color has-text-color has-medium-font-size"><strong>La résidence Sainte Marie</strong><br>12 grand rue <br>16150 ETAGNAC</p>



<p>&nbsp;La résidence, propriété de la commune, est gérée par Les Jardins d’Arcadie. Elle est composée de 23 appartements confortables du studio au T2, équipés de salle d’eau, kitchenette, placards aménagés, commande centralisée pour la régulation du chauffage…&nbsp;</p>



<p><br>La restauration peut être assurée à la demande par l’Ehpad (livraison de plateaux repas).&nbsp;<br>L’accueil est de qualité et le cadre préservé proche des commerces.&nbsp;</p>



<p><strong>Direction </strong>&nbsp; Mr BODIN Bruno<br><strong>Tél&nbsp;</strong> 07.72.12.01.66 ou 0 800 800 855<br><strong>Email </strong>bbodin@jardins-arcadie.fr</p>



<figure class="wp-block-embed is-type-video is-provider-youtube wp-block-embed-youtube wp-embed-aspect-16-9 wp-has-aspect-ratio"><div class="wp-block-embed__wrapper">
<iframe loading="lazy" title="EHPAD SOS Seniors Sainte Marie d&#039;Etagnac" width="1170" height="658" src="https://www.youtube.com/embed/boSE8oGK_p8?feature=oembed" frameborder="0" allow="accelerometer; autoplay; clipboard-write; encrypted-media; gyroscope; picture-in-picture; web-share" referrerpolicy="strict-origin-when-cross-origin" allowfullscreen></iframe>
</div></figure>



<figure class="wp-block-embed is-type-wp-embed is-provider-ehpad-fr wp-block-embed-ehpad-fr"><div class="wp-block-embed__wrapper">
<blockquote class="wp-embedded-content" data-secret="md3X1EP102"><a href="https://www.ehpad.fr/residence-ehpad/ehpad-residence-sainte-marie/">GROUPE SOS &#8211; MAISON SAINTE-MARIE</a></blockquote><iframe loading="lazy" class="wp-embedded-content" sandbox="allow-scripts" security="restricted" style="position: absolute; visibility: hidden;" title="« GROUPE SOS &#8211; MAISON SAINTE-MARIE » &#8212; ehpad.fr" src="https://www.ehpad.fr/residence-ehpad/ehpad-residence-sainte-marie/embed/#?secret=ZrHWLa1gl8#?secret=md3X1EP102" data-secret="md3X1EP102" width="600" height="338" frameborder="0" marginwidth="0" marginheight="0" scrolling="no"></iframe>
</div><figcaption class="wp-element-caption"><a href="https://www.ehpad.fr/residence-ehpad/ehpad-residence-sainte-marie/" target="_blank" rel="noreferrer noopener">https://www.ehpad.fr/residence-ehpad/ehpad-residence-sainte-marie/</a></figcaption></figure>



<div class="wp-block-group alignfull has-background" style="background-color:#f2f0e9"><div class="wp-block-group__inner-container is-layout-flow wp-block-group-is-layout-flow">
<div style="height:70px" aria-hidden="true" class="wp-block-spacer"></div>



<div class="wp-block-columns alignwide is-layout-flex wp-container-core-columns-is-layout-9d6595d7 wp-block-columns-is-layout-flex">
<div class="wp-block-column is-layout-flow wp-block-column-is-layout-flow">
<p class="has-text-align-center">Le département de la Charente offre un nouveau service de proximité aux personnes âgées <br>par le biais de permanences d’accueil locales. Toutes les questions que vous vous posez <br>sur la dépendance, la prévention, les aides (APA…),<br>les soutiens aux aidants…</p>



<p class="has-text-align-center">Un numéro de téléphone : <strong>05 16 09 51 05,</strong><br>pour tout renseignement et prise de rendez-vous.</p>



<p class="has-text-align-center"><strong>Plateforme territoriale d’appui de la Charente</strong><br>Antenne Centre Charente<br>20, impasse de la Valenceaude<br>16 160 Gond-Pontouvre</p>



<p class="has-text-align-center">— <strong>Téléphone : 0809 109 109</strong><br><br><a href="http://www.pta16.fr" target="_blank" rel="noreferrer noopener">www.pta16.fr</a></p>



<p></p>



<p class="has-text-align-center has-luminous-vivid-orange-color has-text-color"><strong>Missions</strong></p>



<p class="has-text-align-center">Informations et orientation (exemples : coordonnées de portage de repas, <br>aides ménagères, appui direct dans les dossiers d’aides et de droits…).</p>



<p class="has-text-align-center">Situation reconnue complexe : polypathologie, refus de soin, isolement, <br>épuisement des aidants, épuisement des intervenants, rupture dans le parcours de soin…</p>
</div>
</div>



<div style="height:40px" aria-hidden="true" class="wp-block-spacer"></div>
</div></div>



<hr class="wp-block-separator has-alpha-channel-opacity"/>



<figure class="wp-block-gallery has-nested-images columns-default is-cropped wp-block-gallery-1 is-layout-flex wp-block-gallery-is-layout-flex">
<figure class="wp-block-image size-large"><img loading="lazy" decoding="async" width="586" height="698" data-id="1766" src="https://www.etagnac.fr/wp-content/uploads/2024/03/presence-verte-2.png" alt="" class="wp-image-1766" srcset="https://www.etagnac.fr/wp-content/uploads/2024/03/presence-verte-2.png 586w, https://www.etagnac.fr/wp-content/uploads/2024/03/presence-verte-2-252x300.png 252w" sizes="auto, (max-width: 586px) 100vw, 586px" /></figure>
</figure>



<p><a href="https://presence-verte-charente.fr/">https://presence-verte-charente.fr/</a></p>



<hr class="wp-block-separator has-alpha-channel-opacity"/>

<p>EHPAD10 grand rue 16150 ETAGNAC Directrice :&nbsp; Mme Sabine Poingt&nbsp;Tél : 05.45.89.21.17&nbsp;Fax&nbsp; : 05.45.89.39.64&nbsp;Email&nbsp; :&nbsp; contact@maison-sainte-marie.com Géré par le groupe SOS, il dispose de 77 lits dont 75 en chambres [&hellip;]</p>
